
2, 3, 29, 4987
List the prime factors of 40019794.
2, 1399, 14303
List the prime factors of 944327931.
3, 109, 127, 22739
List the prime factors of 353537967.
3, 17, 6932117
What are the prime factors of 514000725?
3, 5, 7, 829, 1181
What are the prime factors of 1334700766?
2, 7, 353, 270073
List the prime factors of 1170098994.
2, 3, 173, 1127263
List the prime factors of 186379117.
11779, 15823
List the prime factors of 962372124.
2, 3, 7, 107, 11897
List the prime factors of 37127034.
2, 3, 7, 294659
List the prime factors of 48684976.
2, 1327, 2293
What are the prime factors of 1785940?
2, 5, 13, 6869
List the prime factors of 178040905.
5, 7, 31, 164093
List the prime factors of 29090636.
2, 7272659
List the prime factors of 463807575.
3, 5, 7, 11, 19, 1409
List the prime factors of 1174553710.
2, 5, 11, 59, 71, 2549
What are the prime factors of 28849908?
2, 3, 2404159
List the prime factors of 617748024.
2, 3, 29, 887569
List the prime factors of 45985609.
53, 867653
What are the prime factors of 544321213?
29, 18769697
What are the prime factors of 1101748595?
5, 59, 3734741
List the prime factors of 3002664770.
2, 5, 7, 42895211
List the prime factors of 2593425297.
3, 864475099
List the prime factors of 13702235.
5, 223, 12289
List the prime factors of 1643282695.
5, 347, 947137
What are the prime factors of 5490921387?
3, 7, 227, 1151861
List the prime factors of 162537803.
23, 53, 133337
List the prime factors of 791859670.
2, 5, 7, 11312281
List the prime factors of 654502978.
2, 137, 2388697
List the prime factors of 42400304.
2, 1327, 1997
What are the prime factors of 20178115?
5, 4035623
What are the prime factors of 390290806?
2, 31, 137, 45949
What are the prime factors of 3741362815?
5, 748272563
What are the prime factors of 59701090?
2, 5, 79, 75571
List the prime factors of 671999213.
67, 10029839
What are the prime factors of 121112646?
2, 3, 139, 145219
List the prime factors of 217001208.
2, 3, 67, 134951
List the prime factors of 157921053.
3, 41, 109, 11779
List the prime factors of 28432088.
2, 3554011
List the prime factors of 6114453.
3, 41, 49711
List the prime factors of 31614752.
2, 13, 75997
List the prime factors of 4012044798.
2, 3, 353, 547, 3463
List the prime factors of 719716655.
5, 7, 83, 35393
What are the prime factors of 967829387?
7, 37, 3736793
What are the prime factors of 140368948?
2, 35092237
What are the prime factors of 143667895?
5, 7, 41, 53, 1889
List the prime factors of 111401573.
593, 187861
What are the prime factors of 49335378?
2, 3, 8222563
What are the prime factors of 216348918?
2, 3, 36058153
List the prime factors of 124613751.
3, 313, 132709
What are the prime factors of 381873605?
5, 761, 100361
List the prime factors of 7336789153.
73, 100503961
What are the prime factors of 192978741?
3, 5261, 12227
List the prime factors of 301103533.
461, 653153
What are the prime factors of 1753729793?
449, 3905857
List the prime factors of 380610852.
2, 3, 607, 52253
List the prime factors of 32572196.
2, 31, 347, 757
List the prime factors of 250388686.
2, 73, 367, 4673
What are the prime factors of 3499636875?
3, 5, 7, 23, 11593
What are the prime factors of 5112842?
2, 7, 173, 2111
What are the prime factors of 3156368590?
2, 5, 109, 191, 15161
List the prime factors of 316800316.
2, 7, 769, 14713
What are the prime factors of 908945006?
2, 454472503
What are the prime factors of 11931212?
2, 17, 79, 2221
List the prime factors of 835030697.
835030697
List the prime factors of 10824890.
2, 5, 31, 34919
List the prime factors of 4314552389.
7, 47, 13114141
List the prime factors of 224535604.
2, 31, 1810771
List the prime factors of 121683408.
2, 3, 7, 11, 41, 73
What are the prime factors of 9992058?
2, 3, 1665343
List the prime factors of 288308116.
2, 72077029
List the prime factors of 3086133022.
2, 7, 220438073
List the prime factors of 20471668.
2, 7, 107, 6833
What are the prime factors of 495747208?
2, 11, 199, 28309
What are the prime factors of 7981470452?
2, 1995367613
List the prime factors of 44586117.
3, 4954013
List the prime factors of 1154862796.
2, 37, 1913, 4079
List the prime factors of 2590382453.
2590382453
What are the prime factors of 69885545?
5, 13977109
What are the prime factors of 50893514?
2, 7, 19, 293, 653
What are the prime factors of 597906396?
2, 3, 683, 24317
What are the prime factors of 1203677546?
2, 587, 1025279
What are the prime factors of 4000426408?
2, 11, 1171, 38821
What are the prime factors of 140341173?
3, 7, 6682913
What are the prime factors of 154626972?
2, 3, 12885581
What are the prime factors of 513188549?
59, 8698111
List the prime factors of 673917398.
2, 7, 11, 947, 4621
List the prime factors of 1254555.
3, 5, 9293
List the prime factors of 42952125.
3, 5, 47, 2437
What are the prime factors of 145594285?
5, 113, 257689
List the prime factors of 278934118.
2, 263, 530293
List the prime factors of 2677139741.
8039, 333019
List the prime factors of 67068569.
67068569
What are the prime factors of 3935636?
2, 17, 31, 1867
List the prime factors of 75651175.
5, 193, 15679
What are the prime factors of 93708786?
2, 3, 73, 213947
What are the prime factors of 337416465?
3, 5, 1811, 12421
List the prime factors of 99481734.
2, 3, 11, 67, 7499
List the prime factors of 291427786.
2, 13, 29, 59, 6551
What are the prime factors of 173680799?
173680799
List the prime factors of 255818016.
2, 3, 888257
List the prime factors of 19350946.
2, 29, 43, 7759
List the prime factors of 1721094.
2, 3, 79, 3631
List the prime factors of 635005781.
23, 1200389
List the prime factors of 117394895.
5, 37, 634567
What are the prime factors of 1685616594?
2, 3, 23, 12214613
List the prime factors of 4265759386.
2, 7, 47, 926131
List the prime factors of 48927705.
3, 5, 47, 69401
List the prime factors of 232435309.
23, 10105883
List the prime factors of 1664187551.
13, 317, 403831
List the prime factors of 234779964.
2, 3, 97, 201701
List the prime factors of 86218073.
29, 137, 21701
List the prime factors of 5245072673.
71, 467, 158189
What are the prime factors of 1271755909?
1271755909
List the prime factors of 1309213852.
2, 89, 3677567
What are the prime factors of 114585669?
3, 11, 43, 2447
What are the prime factors of 61374564?
2, 3, 37, 15359
List the prime factors of 118641472.
2, 19, 43, 2269
What are the prime factors of 24326121?
3, 1733, 4679
What are the prime factors of 4150237969?
443, 9368483
List the prime factors of 1039072628.
2, 11, 37, 193, 3307
List the prime factors of 157742100.
2, 3, 5, 37, 1579
List the prime factors of 67579857.
3, 1987, 3779
List the prime factors of 163046229.
3, 61, 890963
What are the prime factors of 472551839?
17, 29, 958523
List the prime factors of 117589087.
7, 11, 23, 67, 991
List the prime factors of 19785793.
19785793
What are the prime factors of 803935115?
5, 160787023
What are the prime factors of 26576599?
7, 73, 52009
List the prime factors of 397484702.
2, 587, 338573
What are the prime factors of 179972417?
179972417
What are the prime factors of 65273054?
2, 7, 11, 43, 9857
List the prime factors of 634167546.
2, 3, 23, 257, 17881
List the prime factors of 2498710241.
2498710241
What are the prime factors of 917373543?
3, 6619, 46199
List the prime factors of 3337223.
107, 31189
List the prime factors of 443130945.
3, 5, 4729, 6247
List the prime factors of 101687710.
2, 5, 17, 598163
List the prime factors of 96762198.
2, 3, 13, 17, 72973
List the prime factors of 74440321.
241, 499, 619
List the prime factors of 3028819112.
2, 11, 37, 701, 1327
What are the prime factors of 394864877?
11, 35896807
List the prime factors of 86119847.
11, 7829077
List the prime factors of 5911530563.
3593, 1645291
List the prime factors of 53789846.
2, 11, 569, 4297
List the prime factors of 154157755.
5, 2089, 14759
What are the prime factors of 638449653?
3, 149, 983, 1453
What are the prime factors of 313762635?
3, 5, 859, 8117
List the prime factors of 188293795.
5, 101, 372859
What are the prime factors of 3684613160?
2, 5, 71, 1297399
What are the prime factors of 69334337?
37, 191, 9811
List the prime factors of 1196320523.
283, 4227281
List the prime factors of 850967457.
3, 191, 1485109
L